(base 2) in base 8?
164
What is 101 (base 9) in base 14?
5c
What is -1 (base 3) in base 14?
-1
What is 50 (base 10) in base 6?
122
What is 3 (base 16) in base 11?
3
Convert 11 (base 7) to base 9.
8
What is 415 (base 7) in base 9?
251
Convert 1 (base 9) to base 15.
1
What is -3 (base 12) in base 14?
-3
5 (base 8) to base 5
10
What is 28 (base 10) in base 14?
20
What is -100 (base 4) in base 2?
-10000
6 (base 11) to base 7
6
Convert -28 (base 9) to base 11.
-24
0 (base 12) to base 7
0
What is -3012 (base 4) in base 16?
-c6
Convert -414 (base 6) to base 12.
-10a
-16 (base 7) to base 2
-1101
Convert -2 (base 4) to base 3.
-2
What is -7 (base 9) in base 11?
-7
8 (base 15) to base 5
13
Convert -71 (base 12) to base 10.
-85
-32 (base 12) to base 7
-53
-87 (base 12) to base 3
-10211
-61 (base 13) to base 7
-142
0 (base 14) to base 3
0
-21 (base 11) to base 6
-35
Convert 10 (base 3) to base 7.
3
Convert -1043 (base 5) to base 16.
-94
Convert 1c (base 15) to base 2.
11011
What is 1032 (base 5) in base 2?
10001110
Convert 30 (base 11) to base 6.
53
Convert -1221 (base 4) to base 13.
-81
What is -2 (base 7) in base 5?
-2
What is -3 (base 15) in base 9?
-3
Convert -20210 (base 3) to base 7.
-351
Convert -63 (base 8) to base 5.
-201
2 (base 12) to base 2
10
212 (base 10) to base 12
158
What is -2 (base 9) in base 7?
-2
Convert -37 (base 9) to base 5.
-114
What is 122 (base 5) in base 16?
25
What is -14 (base 15) in base 12?
-17
Convert 11 (base 11) to base 5.
22
Convert -16 (base 11) to base 9.
-18
What is -4 (base 8) in base 11?
-4
What is -44 (base 11) in base 7?
-66
What is 3 (base 5) in base 12?
3
What is -12 (base 10) in base 11?
-11
Convert -2 (base 8) to base 6.
-2
Convert 1 (base 8) to base 6.
1
-a1 (base 16) to base 15
-ab
Convert 3d (base 14) to base 3.
2001
What is -100111 (base 2) in base 16?
-27
Convert -3 (base 7) to base 8.
-3
601 (base 8) to base 9
467
What is -1 (base 7) in base 5?
-1
Convert -a9 (base 13) to base 15.
-94
Convert 38 (base 10) to base 16.
26
What is -5 (base 13) in base 7?
-5
Convert 3 (base 12) to base 2.
11
85 (base 13) to base 15
74
Convert -160 (base 11) to base 13.
-115
-4 (base 5) to base 11
-4
Convert 0 (base 8) to base 15.
0
Convert 10 (base 13) to base 4.
31
Convert -3 (base 10) to base 5.
-3
-2220 (base 3) to base 12
-66
What is 13 (base 11) in base 13?
11
What is 3 (base 9) in base 6?
3
11 (base 4) to base 7
5
6 (base 7) to base 5
11
Convert -10 (base 4) to base 12.
-4
Convert 8d (base 15) to base 12.
b1
16 (base 14) to base 13
17
Convert -1100101 (base 2) to base 7.
-203
-5 (base 15) to base 5
-10
9d (base 15) to base 3
12111
What is 269 (base 11) in base 14?
189
4 (base 9) to base 4
10
5 (base 7) to base 10
5
What is -180 (base 11) in base 15?
-de
3 (base 11) to base 12
3
What is -1 (base 4) in base 13?
-1
Convert 26 (base 16) to base 14.
2a
10 (base 13) to base 16
d
Convert -26 (base 15) to base 16.
-24
What is -10001 (base 2) in base 6?
-25
Convert -12 (base 3) to base 13.
-5
What is 42 (base 7) in base 14?
22
Convert -1110 (base 3) to base 9.
-43
What is -2 (base 4) in base 10?
-2
Convert 3 (base 11) to base 3.
10
What is 0 (base 16) in base 9?
0
What is 50 (base 8) in base 3?
1111
-1000001 (base 2) to base 15
-45
Convert 10 (base 3) to base 8.
3
What is 0 (base 5) in base 12?
0
What is 1 (base 5) in base 8?
1
-35 (base 7) to base 14
-1c
-157 (base 12) to base 13
-133
0 (base 10) to base 9
0
Convert 14 (base 11) to base 2.
1111
Convert 45 (base 13) to base 8.
71
6 (base 11) to base 5
11
-34 (base 14) to base 9
-51
Convert 0 (base 15) to base 4.
0
Convert 6 (base 15) to base 10.
6
-59 (base 15) to base 10
-84
Convert 1 (base 14) to base 3.
1
-123 (base 4) to base 10
-27
-11 (base 13) to base 2
-1110
What is -1 (base 8) in base 10?
-1
What is -4 (base 12) in base 9?
-4
-b9 (base 12) to base 14
-a1
5 (base 7) to base 6
5
What is 152 (base 7) in base 9?
105
0 (base 9) to base 3
0
Convert 22 (base 9) to base 15.
15
What is -46 (base 11) in base 4?
-302
13 (base 9) to base 3
110
2 (base 6) to base 14
2
Convert -1 (base 11) to base 4.
-1
What is 141 (base 7) in base 8?
116
What is 11c (base 14) in base 15?
ec
13 (base 12) to base 16
f
Convert -34 (base 5) to base 2.
-10011
Convert 5b (base 12) to base 3.
2122
-12 (base 15) to base 12
-15
Convert 1c (base 14) to base 5.
101
38 (base 10) to base 15
28
What is 322 (base 4) in base 10?
58
Convert -9 (base 15) to base 13.
-9
Convert -2 (base 11) to base 6.
-2
Convert -4 (base 11) to base 2.
-100
-53 (base 15) to base 3
-2220
What is -6 (base 14) in base 15?
-6
Convert 12 (base 3) to base 8.
5
Convert 0 (base 10) to base 11.
0
What is -110 (base 2) in base 10?
-6
Convert 2 (base 12) to base 6.
2
Convert 26 (base 12) to base 14.
22
Convert 2300 (base 5) to base 3.
110001
12 (base 3) to base 6
5
Convert -7 (base 8) to base 13.
-7
-6 (base 8) to base 12
-6
43 (base 5) to base 8
27
Convert 46 (base 8) to base 4.
212
Convert 22 (base 10) to base 3.
211
-5b (base 12) to base 15
-4b
Convert -3 (base 13) to base 9.
-3
1132 (base 6) to base 12
1a8
What is 2 (base 12) in base 8?
2
Convert -6 (base 12) to base 9.
-6
What is -8 (base 12) in base 9?
-8
Convert -100000 (base 2) to base 16.
-20
Convert -3 (base 14) to base 15.
-3
-1 (base 12) to base 16
-1
What is -27 (base 11) in base 16?
-1d
What is -88 (base 13) in base 2?
-1110000
Convert 11212 (base 3) to base 5.
1011
What is 0 (base 11) in base 16?
0
Convert -2c (base 13) to base 8.
-46
What is 2 (base 4) in base 13?
2
2a (base 15) to base 3
1111
-7b (base 14) to base 9
-131
What is 12 (base 8) in base 7?
13
What is -2 (base 13) in base 6?
-2
What is 5 (base 14) in base 3?
12
Convert 134 (base 5) to base 8.
54
8 (base 14) to base 15
8
Convert -122 (base 5) to base 14.
-29
Convert 1101 (base 2) to base 5.
23
Convert -56 (base 12) to base 3.
-2110
46 (base 9) to base 8
52
Convert 138 (base 16) to base 11.
264
What is -182 (base 12) in base 7?
-464
What is -1f (base 16) in base 13?
-25
What is -b9 (base 15) in base 10?
-174
What is -2 (base 12) in base 3?
-2
What is 4 (base 12) in base 5?
4
What is 6 (base 14) in base 6?
10
What is -10111100 (base 2) in base 15?
-c8
6 (base 16) to base 14
6
Convert -12 (base 7) to base 5.
-14
Convert 3120 (base 4) to base 8.
330
-a0 (base 16) to base 4
-2200
-d (base 15) to base 11
-12
Convert -4 (base 14) to base 2.
-100
What is -5 (base 8) in base 15?
-5
What is -16 (base 8) in base 2?
-1110
What is 9b (base 12) in base 8?
167
What is 10000 (base 2) in base 11?
15
Convert 3 (base 13) to base 5.
3
4 (base 10) to base 4
10
Convert 36 (base 11) to base 12.
33
What is 2 (base 11) in base 9?
2
Convert -2 (base 5) to base 12.
-2
What is 96 (base 12) in base 2?
1110010
What is 1001 (base 2) in base 6?
13
What is -43 (base 9) in base 4?
-213
Convert -25 (base 11) to base 10.
-27
Convert -201 (base 3) to base 15.
-14
Convert -202 (base 3) to base 14.
-16
What is -1 (base 6) in base 14?
-1
What is -46 (base 7) in base 6?
-54
Convert -10111 (base 3) to base 8.
-136
-4 (base 14) to base 10
-4
What is 3 (base 8) in base 10?
3
Convert 6 (base 14) to base 5.
11
What is 27 (base 15) in base 8?
45
-39 (base 14) to base 16
-33
Convert -a (base 16) to base 9.
-11
What is 7 (base 13) in base 12?
7
4 (base 14) to base 2
100
What is 82 (base 11) in base 5?
330
What is -303 (base 4) in base 6?
-123
Convert 0 (base 10) to base 2.
0
Convert 100 (base 2) to base 16.
4
What is -41 (base 6) in base 13?
-1c
Convert 9 (base 10) to base 15.
9
Convert -16 (base 8) to base 16.
-e
What is -8 (base 9) in base 6?
-12
Convert 22 (base 14) to base 8.
36
Convert -27 (base 15) to base 2.
-100101
1 (base 5) to base 8
1
What is -1200 (base 3) in base 13?
-36
5e (base 15) to base 7
155
Convert 3 (base 5) to base 12.
3
What is 13 (base 14) in base 6?
25
-1 (base 16) to base 12
-1
What is -12 (base 16) in base 15?
-13
What is 100 (base 2) in base 10?
4
5 (base 14) to base 9
5
Convert 12 (base 10) to base 14.
c
-110 (base 3) to base 2
-1100
-3 (base 9) to base 15
-3
a (base 12) to base 10
10
4 (base 11) to base 2
100
Convert 0 (base 4) to base 12.
0
10 (base 2) to base 7
2
What is -4 (base 12) in base 9?
-4
Convert 35 (base 11) to base 2.
100110
What is 5 (base 10) in base 9?
5
What is -7 (base 11) in base 4?
-13
What is 14 (base 13) in b